-v - p = -0*z - 2*z, 3*z = -3*v + 126. Is z prime?
True
Let j = 8474 - 965. Is j a prime number?
False
Let r(c) be the third derivative of -93*c**6/10 - c**5/15 + c**4/12 + 5*c**3/6 - 53*c**2. Is r(-1) a prime number?
False
Suppose 2*x + 5*k = 50833 + 233154, -2*x = 4*k - 283986. Is x a composite number?
False
Suppose i = 2*a - 1321280, 0 = -a + 4*i + 299286 + 361375. Is a composite?
True
Suppose 24182 = 4*l + 4*c + 80138, 5*l - c + 69921 = 0. Let x = -4952 - l. Is x a prime number?
False
Suppose 0 = 5*v - 5*x - 2919735, -2*v - 18*x + 21*x = -1167890. Is v prime?
False
Let q be -184 + -4 - (-1 + 2). Let i = 1015 + q. Let n = 1349 - i. Is n composite?
False
Let a be (-235302)/(-6) + 9/((-36)/(-16)). Suppose -a = -22*b + 15*b. Is b a prime number?
False
Suppose 8 = -5*b - 7. Is 213*(5/b + 2)*29 a prime number?
False
Let z = 215473 + -119460. Is z a prime number?
True
Suppose 4*p - 12 = -0*p. Suppose -2*g + 2302 = 5*q, q - p*q + 4636 = 4*g. Let h = g - 262. Is h a composite number?
True
Let n be (8*-313)/(4/(-36)*-2). Is (-4 - n/8) + (-3)/2 prime?
False
Is 13/26*298*(-39)/(-3) composite?
True
Suppose -1306 = -5*z + 159. Is z + -1 - (-10 - -9) a composite number?
False
Is (75079/7)/(82/574) prime?
True
Let c(t) = t + 6. Let p be c(-2). Suppose 5*r - 4*i = 31, p*r + i = 8*r - 16. Is (r + 0)*11665/15 composite?
False
Let d(b) = 2*b**2 + 5*b + 1163. Let n = -610 + 610. Is d(n) prime?
True
Let g be (0 - 3 - -4) + -63. Let u be 2/(-12) - g/12. Suppose -2*d = -5*w - 3, d + 3*w = 2*w + u. Is d a prime number?
False
Suppose -2*g = -3*r - 5*g + 1083, 4*g = 16. Suppose -4*o + 2444 = -2*y, -3*o + 5*o - 1222 = 4*y. Let s = o - r. Is s composite?
True
Let d(u) = -u**3 + 35*u**2 - 19*u + 136. Let o be d(33). Let v(h) = 1105*h - 1. Let p be v(1). Let t = o - p. Is t a composite number?
True
Suppose -3*r - 101027 + 780086 = 6*t, 3*t = r - 226348. Is r composite?
True
Let l = -19 + 36. Suppose 0 = -w - m - 3, 0*w + 3*w = -5*m - l. Is ((9 + -5)/(-4))/(w/(-505)) composite?
True
Suppose 0 = -2*l + 77 + 35. Is 8/l - (-81448)/28 a composite number?
False
Suppose -1827*x - 108337683 = -1956*x. Is x a composite number?
True
Suppose 4*y + 4*q + 92 = 0, 13*q - 100 = 5*y + 15*q. Is ((-3810)/y)/(-5)*-39 a composite number?
True
Let g(d) = -13*d**2 + 49*d + 17. Let j(c) = -27*c**2 + 88*c + 31. Let n(a) = 5*g(a) - 3*j(a). Suppose -3*y + 1 = -26. Is n(y) a prime number?
True
Suppose 29719 = 3*a + 4*p, -a + 8459 + 1438 = -p. Is a prime?
True
Suppose 3*d - 12*y = 46995, -2*d + y + 6727 = -24645. Is d composite?
True
Let l(t) = 365*t + 3653. Is l(12) composite?
True
Let x(p) = 141*p**2 - 7*p + 1. Let b(t) be the third derivative of t**6/120 - t**4/8 - t**3/3 + 19*t**2. Let q be b(-2). Is x(q) a composite number?
True
Let j(a) be the third derivative of a**6/24 + 5*a**4/24 - 11*a**3/2 + 13*a**2. Is j(10) composite?
True
Let p = -132 - -137. Suppose -p*h + 47551 = 15476. Is h a composite number?
True
Let s be 2/(-6)*129*(1 - 0). Let f = -206 - s. Let y = f + 366. Is y composite?
True
Is ((-10)/(170/76177))/(-3 - -2) prime?
True
Let c be 40842 - -4 - (0 - 2). Suppose -9528 - c = -24*l. Is l a prime number?
True
Let v(y) = -1028*y + 1037. Is v(-9) prime?
True
Suppose 0 = -3*d - 7*d + 50. Suppose 0 = d*z - 5. Is -3 - (-19 + (z - -4)) a prime number?
True
Is ((-113714)/(-8))/(110/440) + (0 - 6) a prime number?
False
Let o = -43090 - -147987. Is o a composite number?
True
Suppose 3*z - 5*f = 5101, 0 = -5*z - f - 3*f + 8551. Let m = 2984 - z. Suppose -2397 = -2*y + m. Is y prime?
False
Suppose 18 = 3*t + 3. Suppose t*d = 24 + 231. Is d a composite number?
True
Let f(n) = -n**3 + 12*n**2 - 29*n + 19. Let i be f(9). Is 11601/i - (5 + -4 + 1) a prime number?
False
Let q = 42980 - 15741. Is q a composite number?
False
Let p = 21396 - -529415. Is p a composite number?
False
Let r = -1992 + 1992. Suppose 5*b - b - 3*c - 50 = 0, 2*c + 59 = 5*b. Suppose -b*k + 5*k + 978 = r. Is k prime?
True
Is (-14 + 17)*56/(-21) + 52171 prime?
True
Let u = 556 - -4507. Let z = 8416 - u. Is z a composite number?
True
Is (-29642)/(-1)*((-119)/(-34))/7 a prime number?
True
Suppose -913387 = 20*l - 6823647. Is l prime?
True
Let i be (252/20)/(1/610 + 0). Let a(w) = w**3 + w**2 - 3*w + 2825. Let f be a(0). Let u = i - f. Is u prime?
True
Let y = -389684 + 569113. Is y a prime number?
True
Let l = 111236 - 45343. Suppose 24*c - 197461 + l = 0. Is c a composite number?
True
Is (-26159954)/849*(-3)/(2 - 0/(-1)) prime?
True
Suppose 4*q - 80 = -4*i, -q - 24 = -i - 0*q. Let l = 388 + i. Suppose 0 = -g + 3*p + l, 2*g + p - 841 = -0*p. Is g a composite number?
False
Let c be (-48302)/(-9) - (-13)/117. Suppose 3*a - 10930 = 2*g + c, 4*a - 3*g = 21728. Is a a composite number?
True
Let z be (3369/(-4))/(0 + (-3)/(-12)). Let x = 10531 + z. Suppose 5377 = 4*a - a - o, 5*o = 4*a - x. Is a a composite number?
True
Let j be (-3 - 2)*(-8)/(-5)*-318. Let z = -1319 + j. Is z/(-10)*24/(-10) + -1 prime?
True
Let x(v) = 667*v**2. Suppose m = 5*l + 9, 13*m = 16*m - l + 1. Is x(m) a prime number?
False
Suppose -z + 196067 = 4*o - 142523, o - z - 84645 = 0. Is o composite?
True
Let y = 102 + -99. Suppose h - 1531 = -2*i - y*i, 0 = -2*h + 5*i + 3002. Is h prime?
True
Let f(i) = -866*i + 25*i**2 + 865*i - 1 + 10. Suppose -19 = 3*y - 7. Is f(y) a prime number?
False
Let m = 57 + -53. Suppose -3 = -4*q - f, 0 = -m*q + f + 3*f - 12. Suppose q*j + 879 = 3*j. Is j prime?
True
Let g(n) = -2*n**2 - 20*n - 28. Let t be g(-8). Suppose 5*c = 0, 0 = -t*j + 4*c + 8976 + 292. Is j prime?
False
Is (27/6 - 4)/(-8 - 4383270/(-547908)) a prime number?
True
Suppose -18*w = -z - 19*w, 0 = w. Suppose 10*v - 8*v = 2*b + 70818, 4*v - 3*b - 141640 = z. Is v composite?
True
Let y(u) = 9648*u**2 - 6*u - 9. Is y(-5) composite?
True
Let j = 10 + -10. Suppose j = -t + 2 - 2. Suppose t*u - 1841 = -7*u. Is u a composite number?
False
Suppose 0 = 4*d - 4 - 12. Suppose -14 - 14 = -d*s. Is s*(-1 - 1)*251/(-2) composite?
True
Let v = -287 + 269. Is (3/v)/((-1)/(-1982))*-3 prime?
True
Suppose 0 = 171*g - 162*g - 4600629. Is g composite?
True
Let y = 573640 - 374135. Is y composite?
True
Is 5657115/(-30)*(0 + -2) a composite number?
True
Let m(p) = -32*p + 21. Let k = 25 + 19. Suppose 4 = 4*g + k. Is m(g) prime?
False
Let z be ((-9)/(-15))/((-29)/30 + 1). Let q(g) = z*g - g**2 - 30 + 47 - 41. Is q(11) prime?
True
Let c(o) = 4*o - 40. Let b be c(11). Suppose a + 4*r - 360 = 8531, b = 4*r. Is a a prime number?
True
Suppose -89 = -2*i + 23. Let p = 1489 - i. Suppose 2*o - 4*o - 3*y = -952, -3*o - 2*y = -p. Is o composite?
False
Let v(o) = o**2 - 52. Let q be v(-7). Let a(m) = 125*m**2 + 18*m + 52. Is a(q) composite?
False
Suppose -1477896 = -4*t + 4*q, -56*t = -52*t + 5*q - 1477851. Is t prime?
True
Suppose -29*r = -32*r. Suppose r = 2*f - 6*f + 1136. Suppose p = -h - 3*p + 142, -5*p = 2*h - f. Is h prime?
False
Let w = 456 + -462. Is -2 - w - (5 + -5738) composite?
False
Let d = 62 + -71. Let h = 332 - d. Is h composite?
True
Suppose -7*g = -75 - 2. Suppose -g*x = 3*x - 143122. Is x prime?
True
Suppose 418*a - 437*a + 18506 = 0. Is a a composite number?
True
Let a be 0/(-2 - -7 - 3). Suppose 10*l - 6893 + 583 = a. Is l prime?
True
Let f = -453 - -2880. Is (-1 + 15)/(6/f) a composite number?
True
Suppose -x = 4*q - 189477, 0 = 4*q + 5 - 1. Is x a composite number?
True
Let p be (-3 + (-3 - -3))*(10 - 11). Suppose 4*w + i - 9340 = 3*i, -p*w + 6987 = 3*i. Is w a composite number?
False
Let h = -195 + 192. Is 3 + (2797 - h - -4) prime?
False
Is 580/8*350734/155 composite?
True
Let q be (-275)/(-40) + (-2)/(-16). Is -5 + (7 - (-20265)/q) a prime number?
True
Let p = 505193 + -113094. Is p a prime number?
True
Let r = 159 - 154. Suppose -z - 2*j = -7*j - 6101, r*j = -2*z + 12142. Is z prime?
False
Let p = -521697 + 750344. Is p a composite number?
False
Let c(g) = 4180*g**2 - 10*g - 5. Suppose 4*s = 3*x - 6, 5*s + 2*x + 17 = x. Is c(s) prime?
False
Let d(f) = 3*f - 9. Let w be d(6). Suppose -w*h = -5*h. Suppose -19*p + 23*p - 2532 = h. Is p a composite number?
True
Let j(x) = -17*x - 136. Let l be j(-8). Is 1*(l + 6 + 4265) a composite number?
False
Suppose 3*q = 3, 3*s + q - 6 = 4*q. Suppose s*v = -4*a + 5, v - a - 1 - 10 = 0. Let c = 60 + v. Is c a composite number?
False
Is 16